{"id":468,"date":"2023-07-27T10:10:33","date_gmt":"2023-07-27T09:10:33","guid":{"rendered":"https:\/\/www.schuetzenverein-hailfingen.de\/?page_id=468"},"modified":"2025-03-15T14:06:05","modified_gmt":"2025-03-15T13:06:05","slug":"schiessbudenbetrieb-an-der-hocketse-2023","status":"publish","type":"page","link":"https:\/\/www.schuetzenverein-hailfingen.de\/?page_id=468","title":{"rendered":"Schie\u00dfbudenbetrieb an der Hocketse 2023"},"content":{"rendered":"\n<h2 class=\"wp-block-heading\"><strong>Bericht &#8211; Teilnahme Hocketse mit Schie\u00dfbudenbetrieb<\/strong><\/h2>\n\n\n\n<p>Dieses Jahr stand der Sch\u00fctzenverein Hailfingen zum ersten Mal mit seiner Schie\u00dfbude bei der Hailfinger Hocketse des Musikvereins.<br>Geschossen werden konnte am Samstag bis 23 Uhr, geplant war hier nur bis 19 Uhr. Da der Andrang jedoch \u00fcberw\u00e4ltigend war, haben wir die \u00d6ffnungszeiten spontan verl\u00e4ngert. Auch am Sonntag, als wir im Zeitfenster von 11 Uhr bis 17 Uhr unsere Schie\u00dfbude er\u00f6ffnet hatten, erfreute sich diese gro\u00dfer Beliebtheit. Auch hier wurde die Schie\u00dfzeit verl\u00e4ngert.<\/p>\n\n\n\n<p>An dieser Stelle bedanken wir uns herzlich bei allen Helfern, Unterst\u00fctzern und Besuchern. Ohne Euch w\u00e4re dies nicht m\u00f6glich gewesen. Ein dickes <strong>Dankesch\u00f6n!<\/strong>\u00a0\u00a0<\/p>\n\n\n\n<p><\/p>\n\n\n\n<p><strong>Schie\u00dfbudenbetrieb an der Hocketse<\/strong><\/p>\n\n\n\n<p>Dieses Jahr steht der Sch\u00fctzenverein Hailfingen zum ersten Mal mit seiner Schie\u00dfbude bei der Hailfinger Hocketse des Musikvereins &#8211; Standort in der Etzbachstrasse<br>Geschossen werden kann: <\/p>\n\n\n\n<p><strong>Samstag, 29.07. von 16:00 Uhr bis ca. 19:00 Uhr <\/strong><\/p>\n\n\n\n<p><strong>Sonntag, 30.07. von 11:00 Uhr bis ca. 17:00 Uhr<\/strong><\/p>\n\n\n\n<p><br><strong><mark style=\"background-color:rgba(0, 0, 0, 0)\" class=\"has-inline-color has-vivid-green-cyan-color\">Wir freuen uns auf Euer kommen<\/mark><\/strong><\/p>\n\n\n\n<figure class=\"wp-block-gallery has-nested-images columns-default is-cropped wp-block-gallery-1 is-layout-flex wp-block-gallery-is-layout-flex\">\n<figure class=\"wp-block-image size-large\"><img fetchpriority=\"high\" decoding=\"async\" width=\"392\" height=\"653\" data-id=\"517\" src=\"https:\/\/www.schuetzenverein-hailfingen.de\/wp-content\/uploads\/2023\/07\/Schiessbude_11.png\" alt=\"\" class=\"wp-image-517\"\/><\/figure>\n\n\n\n<figure class=\"wp-block-image size-large\"><img decoding=\"async\" width=\"895\" height=\"526\" data-id=\"516\" src=\"https:\/\/www.schuetzenverein-hailfingen.de\/wp-content\/uploads\/2023\/07\/Schiessbude_51.png\" alt=\"\" class=\"wp-image-516\" srcset=\"https:\/\/www.schuetzenverein-hailfingen.de\/wp-content\/uploads\/2023\/07\/Schiessbude_51.png 895w, https:\/\/www.schuetzenverein-hailfingen.de\/wp-content\/uploads\/2023\/07\/Schiessbude_51-768x451.png 768w\" sizes=\"(max-width: 767px) 89vw, (max-width: 1000px) 54vw, (max-width: 1071px) 543px, 580px\" \/><\/figure>\n\n\n\n<figure class=\"wp-block-image size-large\"><img decoding=\"async\" width=\"931\" height=\"512\" data-id=\"515\" src=\"https:\/\/www.schuetzenverein-hailfingen.de\/wp-content\/uploads\/2023\/07\/Schiessbude_41.png\" alt=\"\" class=\"wp-image-515\" srcset=\"https:\/\/www.schuetzenverein-hailfingen.de\/wp-content\/uploads\/2023\/07\/Schiessbude_41.png 931w, https:\/\/www.schuetzenverein-hailfingen.de\/wp-content\/uploads\/2023\/07\/Schiessbude_41-768x422.png 768w\" sizes=\"(max-width: 767px) 89vw, (max-width: 1000px) 54vw, (max-width: 1071px) 543px, 580px\" \/><\/figure>\n\n\n\n<figure class=\"wp-block-image size-large\"><img loading=\"lazy\" decoding=\"async\" width=\"795\" height=\"540\" data-id=\"512\" src=\"https:\/\/www.schuetzenverein-hailfingen.de\/wp-content\/uploads\/2023\/07\/Schiessbude_21.png\" alt=\"\" class=\"wp-image-512\" srcset=\"https:\/\/www.schuetzenverein-hailfingen.de\/wp-content\/uploads\/2023\/07\/Schiessbude_21.png 795w, https:\/\/www.schuetzenverein-hailfingen.de\/wp-content\/uploads\/2023\/07\/Schiessbude_21-768x522.png 768w\" sizes=\"(max-width: 767px) 89vw, (max-width: 1000px) 54vw, (max-width: 1071px) 543px, 580px\" \/><\/figure>\n\n\n\n<figure class=\"wp-block-image size-large\"><img loading=\"lazy\" decoding=\"async\" width=\"798\" height=\"480\" data-id=\"513\" src=\"https:\/\/www.schuetzenverein-hailfingen.de\/wp-content\/uploads\/2023\/07\/Schiessbude_31.png\" alt=\"\" class=\"wp-image-513\" srcset=\"https:\/\/www.schuetzenverein-hailfingen.de\/wp-content\/uploads\/2023\/07\/Schiessbude_31.png 798w, https:\/\/www.schuetzenverein-hailfingen.de\/wp-content\/uploads\/2023\/07\/Schiessbude_31-768x462.png 768w\" sizes=\"(max-width: 767px) 89vw, (max-width: 1000px) 54vw, (max-width: 1071px) 543px, 580px\" \/><\/figure>\n<\/figure>\n\n\n\n<figure class=\"wp-block-gallery has-nested-images columns-default is-cropped wp-block-gallery-2 is-layout-flex wp-block-gallery-is-layout-flex\">\n<figure class=\"wp-block-image size-large\"><img loading=\"lazy\" decoding=\"async\" width=\"960\" height=\"627\" data-id=\"469\" src=\"https:\/\/www.schuetzenverein-hailfingen.de\/wp-content\/uploads\/2023\/07\/Schiessbude.jpg\" alt=\"\" class=\"wp-image-469\" srcset=\"https:\/\/www.schuetzenverein-hailfingen.de\/wp-content\/uploads\/2023\/07\/Schiessbude.jpg 960w, https:\/\/www.schuetzenverein-hailfingen.de\/wp-content\/uploads\/2023\/07\/Schiessbude-768x502.jpg 768w\" sizes=\"(max-width: 767px) 89vw, (max-width: 1000px) 54vw, (max-width: 1071px) 543px, 580px\" \/><\/figure>\n<\/figure>\n","protected":false},"excerpt":{"rendered":"<p>Bericht &#8211; Teilnahme Hocketse mit Schie\u00dfbudenbetrieb Dieses Jahr stand der Sch\u00fctzenverein Hailfingen zum ersten Mal mit seiner Schie\u00dfbude bei der Hailfinger Hocketse des Musikvereins.Geschossen werden konnte am Samstag bis 23 Uhr, geplant war hier nur bis 19 Uhr. Da der Andrang jedoch \u00fcberw\u00e4ltigend war, haben wir die \u00d6ffnungszeiten spontan verl\u00e4ngert. Auch am Sonntag, als wir &hellip; <\/p>\n<p class=\"link-more\"><a href=\"https:\/\/www.schuetzenverein-hailfingen.de\/?page_id=468\" class=\"more-link\"><span class=\"screen-reader-text\">\u201eSchie\u00dfbudenbetrieb an der Hocketse 2023\u201c <\/span>weiterlesen<\/a><\/p>\n","protected":false},"author":5,"featured_media":0,"parent":269,"menu_order":4,"comment_status":"closed","ping_status":"closed","template":"","meta":{"footnotes":""},"class_list":["post-468","page","type-page","status-publish","hentry"],"_links":{"self":[{"href":"https:\/\/www.schuetzenverein-hailfingen.de\/index.php?rest_route=\/wp\/v2\/pages\/468","targetHints":{"allow":["GET"]}}],"collection":[{"href":"https:\/\/www.schuetzenverein-hailfingen.de\/index.php?rest_route=\/wp\/v2\/pages"}],"about":[{"href":"https:\/\/www.schuetzenverein-hailfingen.de\/index.php?rest_route=\/wp\/v2\/types\/page"}],"author":[{"embeddable":true,"href":"https:\/\/www.schuetzenverein-hailfingen.de\/index.php?rest_route=\/wp\/v2\/users\/5"}],"replies":[{"embeddable":true,"href":"https:\/\/www.schuetzenverein-hailfingen.de\/index.php?rest_route=%2Fwp%2Fv2%2Fcomments&post=468"}],"version-history":[{"count":5,"href":"https:\/\/www.schuetzenverein-hailfingen.de\/index.php?rest_route=\/wp\/v2\/pages\/468\/revisions"}],"predecessor-version":[{"id":705,"href":"https:\/\/www.schuetzenverein-hailfingen.de\/index.php?rest_route=\/wp\/v2\/pages\/468\/revisions\/705"}],"up":[{"embeddable":true,"href":"https:\/\/www.schuetzenverein-hailfingen.de\/index.php?rest_route=\/wp\/v2\/pages\/269"}],"wp:attachment":[{"href":"https:\/\/www.schuetzenverein-hailfingen.de\/index.php?rest_route=%2Fwp%2Fv2%2Fmedia&parent=468"}],"curies":[{"name":"wp","href":"https:\/\/api.w.org\/{rel}","templated":true}]}}