{"id":582,"date":"2024-05-06T10:21:51","date_gmt":"2024-05-06T09:21:51","guid":{"rendered":"https:\/\/www.schuetzenverein-hailfingen.de\/?page_id=582"},"modified":"2024-07-11T10:45:14","modified_gmt":"2024-07-11T09:45:14","slug":"bericht-dorfpokalschiessen-2024","status":"publish","type":"page","link":"https:\/\/www.schuetzenverein-hailfingen.de\/?page_id=582","title":{"rendered":"Bericht Dorfpokalschie\u00dfen 2024"},"content":{"rendered":"\n<p><strong>Bericht \u00fcber das Dorfpokalschie\u00dfen des Sch\u00fctzenverein Hailfingen e.V. vom 05.05.2024<\/strong><\/p>\n\n\n\n<p>Bei wechselhaftem Wetter und 19 Grad, nahmen 103 Starter aus 21 Mannschaften in diesem Jahr am sehr beliebten Dorfpokalschie\u00dfen des Sch\u00fctzenvereins Hailfingen e.V. teil. Rechtzeitig zur Siegerehrung zeigte sich das Wetter von seiner besten Seite, so dass Niklas Gall und Florian Rieder die Siegerehrung im Freien vornehmen konnten.<\/p>\n\n\n\n<p>Von<strong> 12 Herrenmannschaften<\/strong> gelang der Mannschaft Alte Schule mit 363 Ringen, den 1.Platz. Somit konnten Sie den Wanderpokal in Besitz nehmen. <\/p>\n\n\n\n<p>2.Platz Narrenzunft Hailfingen Herren mit 359 Ringen<\/p>\n\n\n\n<p>3.Platz Musikverein Hailfingen Herren 1 mit 357 Ringen<\/p>\n\n\n\n<p>4.Platz Feuerwehr 1 mit 352 Ringen<\/p>\n\n\n\n<p>5.Platz Don Promillo mit 350 Ringen<\/p>\n\n\n\n<p>6.Platz SVH-M\u00e4nneryoga mit 350 Ringen<\/p>\n\n\n\n<p>7.Platz GSN Top-Team 2 mit 349 Ringen<\/p>\n\n\n\n<p>8.Platz Feuerwehr 2 mit 345 Ringen<\/p>\n\n\n\n<p>9.Platz Revolverhelden mit 342 Ringen<\/p>\n\n\n\n<p>10.Platz SV Hailfingen Aktive mit 329 Ringen<\/p>\n\n\n\n<p>11.Platz GSN Top-Team 1 mit 320 Ringen<\/p>\n\n\n\n<p>12.Platz Musikverein Hailfingen Herren 2 mit 313 Ringen<\/p>\n\n\n\n<p>In der <strong>Einzelwertung <\/strong>erreichte Fabian St\u00f6ffler (Narrenzunft Hailfingen Herren) mit 96 von 100 m\u00f6glichen Ringen den ersten Platz. Gefolgt von Joachim Baur (Musikverein Hailfingen Herren 1) 95 Ringen und auf Platz 3 Tobias Kaiser (Feuerwehr 1) mit 95 Ringen.<\/p>\n\n\n\n<p>Bei den <strong>Damen<\/strong> gingen <strong>9 Mannschaften<\/strong> an den Start. Auch sie erzielten beachtliche Ergebnisse. Den 1. Platz und damit den Wanderpokal gewannen die Musikverein Hailfingen Damen mit 353 Ringen.<\/p>\n\n\n\n<p>2.Platz Dorfladen mit 341 Ringen<\/p>\n\n\n\n<p>3.Platz Guns n\u00b4Roses mit 341 Ringen<\/p>\n\n\n\n<p>4.Platz SV Hailfingen Kinderturnen mit 337 Ringen<\/p>\n\n\n\n<p>5.Platz Shooting Stars mit 333 Ringen<\/p>\n\n\n\n<p>6.Platz F\u00f6rderverein Grundschule mit 325 Ringen<\/p>\n\n\n\n<p>7.Platz Narrenzunft Hailfingen Damen mit 323 Ringe<\/p>\n\n\n\n<p>8.Platz Hailfinger Mostbesen mit 320 Ringe<\/p>\n\n\n\n<p>9.Platz Haarwerk Wagner mit 312 Ringe<\/p>\n\n\n\n<p>In der <strong>Einzelwertung<\/strong> kam Daniela Fink mit 93 Ringen (Musikverein Hailfingen Damen) auf den ersten Platz. Isabella Ziegler (Hailfinger Mostbesen) auf Platz 2 mit 91 Ringen. Dritte wurde Lena Breuling (Shooting Stars) mit 91 Ringen.<\/p>\n\n\n\n<figure class=\"wp-block-image size-full\"><img fetchpriority=\"high\" decoding=\"async\" width=\"624\" height=\"468\" src=\"https:\/\/www.schuetzenverein-hailfingen.de\/wp-content\/uploads\/2024\/05\/Siegerfoto.png\" alt=\"\" class=\"wp-image-583\"\/><\/figure>\n\n\n\n<p><em>Siegerfoto<\/em><\/p>\n\n\n\n<p>Wie im vergangenen Jahr, wurde dieses Mal bei der Siegerehrung wieder unter allen Anwesenden, teilnehmenden Sch\u00fctzen ein Gutschein verlost. Diesen Gutschein gewann Daniel Gemeinder, die f\u00fcr die Mannschaft SVH-M\u00e4nneryoga antrat.<\/p>\n\n\n\n<p>Die Vorstandschaft des Sch\u00fctzenvereins bedankt sich bei allen Mannschaften f\u00fcr die Teilnahme am j\u00e4hrlichen Dorfpokalschie\u00dfen, bei allen Besuchern, sowie flei\u00dfigen Helferinnen und Helfern, Kuchenspendern und unseren Bedienungen \u2013 <strong>Vielen Dank!<\/strong><\/p>\n","protected":false},"excerpt":{"rendered":"<p>Bericht \u00fcber das Dorfpokalschie\u00dfen des Sch\u00fctzenverein Hailfingen e.V. vom 05.05.2024 Bei wechselhaftem Wetter und 19 Grad, nahmen 103 Starter aus 21 Mannschaften in diesem Jahr am sehr beliebten Dorfpokalschie\u00dfen des Sch\u00fctzenvereins Hailfingen e.V. teil. Rechtzeitig zur Siegerehrung zeigte sich das Wetter von seiner besten Seite, so dass Niklas Gall und Florian Rieder die Siegerehrung im &hellip; <\/p>\n<p class=\"link-more\"><a href=\"https:\/\/www.schuetzenverein-hailfingen.de\/?page_id=582\" class=\"more-link\"><span class=\"screen-reader-text\">\u201eBericht Dorfpokalschie\u00dfen 2024\u201c <\/span>weiterlesen<\/a><\/p>\n","protected":false},"author":5,"featured_media":0,"parent":269,"menu_order":2,"comment_status":"closed","ping_status":"closed","template":"","meta":{"footnotes":""},"class_list":["post-582","page","type-page","status-publish","hentry"],"_links":{"self":[{"href":"https:\/\/www.schuetzenverein-hailfingen.de\/index.php?rest_route=\/wp\/v2\/pages\/582","targetHints":{"allow":["GET"]}}],"collection":[{"href":"https:\/\/www.schuetzenverein-hailfingen.de\/index.php?rest_route=\/wp\/v2\/pages"}],"about":[{"href":"https:\/\/www.schuetzenverein-hailfingen.de\/index.php?rest_route=\/wp\/v2\/types\/page"}],"author":[{"embeddable":true,"href":"https:\/\/www.schuetzenverein-hailfingen.de\/index.php?rest_route=\/wp\/v2\/users\/5"}],"replies":[{"embeddable":true,"href":"https:\/\/www.schuetzenverein-hailfingen.de\/index.php?rest_route=%2Fwp%2Fv2%2Fcomments&post=582"}],"version-history":[{"count":2,"href":"https:\/\/www.schuetzenverein-hailfingen.de\/index.php?rest_route=\/wp\/v2\/pages\/582\/revisions"}],"predecessor-version":[{"id":596,"href":"https:\/\/www.schuetzenverein-hailfingen.de\/index.php?rest_route=\/wp\/v2\/pages\/582\/revisions\/596"}],"up":[{"embeddable":true,"href":"https:\/\/www.schuetzenverein-hailfingen.de\/index.php?rest_route=\/wp\/v2\/pages\/269"}],"wp:attachment":[{"href":"https:\/\/www.schuetzenverein-hailfingen.de\/index.php?rest_route=%2Fwp%2Fv2%2Fmedia&parent=582"}],"curies":[{"name":"wp","href":"https:\/\/api.w.org\/{rel}","templated":true}]}}