{"id":781,"date":"2025-12-22T10:45:42","date_gmt":"2025-12-22T09:45:42","guid":{"rendered":"https:\/\/www.schuetzenverein-hailfingen.de\/?page_id=781"},"modified":"2026-04-09T20:48:40","modified_gmt":"2026-04-09T19:48:40","slug":"kuchenspenden","status":"publish","type":"page","link":"https:\/\/www.schuetzenverein-hailfingen.de\/?page_id=781","title":{"rendered":"Kuchenspenden"},"content":{"rendered":"\n<p>F\u00fcr unser Kuchenbuffet zum\u00a0100-j\u00e4hrigen Jubil\u00e4um am Sonntag, den 17. Mai, freuen wir uns \u00fcber jede Kuchenspende.<br>Ob Blechkuchen, Torte (ohne Sahne), R\u00fchrkuchen oder Muffins \u2013 mit eurer Spende tragt ihr ganz wesentlich zum Gelingen unseres Jubil\u00e4ums bei. <\/p>\n\n\n\n<p><strong>Wichtig:<\/strong><\/p>\n\n\n\n<ul class=\"wp-block-list\">\n<li>Bitte Zutatenliste ausf\u00fcllen! Die&nbsp;Zutatenliste&nbsp;steht hier zum Download bereit: <a href=\"http:\/\/www.schuetzenverein-hailfingen.de\/wp-content\/uploads\/2025\/12\/Zutatenliste-fuer-Kuchen.pdf\">Zutatenliste f\u00fcr Kuchen<\/a><\/li>\n\n\n\n<li>Einwegkuchenkartons&nbsp;stellen wir auf Wunsch gerne zur Verf\u00fcgung<\/li>\n\n\n\n<li>Auf Wunsch holoen wir die Kuchenspenden auch ab: Samstag (zwischen 13:00 und 15:00 Uhr) oder Sonntag (zwischen 8:00 Uhr und 09:30 Uhr). Gebt daf\u00fcr bitte bei der Anmeldung den gw\u00fcnschten Tag, die Uhrzeit sowie eure Kontaktdaten an.<\/li>\n<\/ul>\n\n\n\n<p><strong>Anmeldung der Kuchenspende:<\/strong><br>Bitte meldet eure Kuchenspende&nbsp;bis Mittwoch, den 13. Mai 2026,&nbsp;per E-Mail unter &#8222;100JahreSVHailfingen@gmx.de&#8220;&nbsp;an.<\/p>\n\n\n\n<p>Vielen Dank f\u00fcr eure Unterst\u00fctzung! \ud83c\udf70 Wir freuen uns auf ein gro\u00dfartiges Jubil\u00e4um mit euch!<\/p>\n\n\n\n<p><\/p>\n\n\n\n<p><\/p>\n","protected":false},"excerpt":{"rendered":"<p>F\u00fcr unser Kuchenbuffet zum\u00a0100-j\u00e4hrigen Jubil\u00e4um am Sonntag, den 17. Mai, freuen wir uns \u00fcber jede Kuchenspende.Ob Blechkuchen, Torte (ohne Sahne), R\u00fchrkuchen oder Muffins \u2013 mit eurer Spende tragt ihr ganz wesentlich zum Gelingen unseres Jubil\u00e4ums bei. Wichtig: Anmeldung der Kuchenspende:Bitte meldet eure Kuchenspende&nbsp;bis Mittwoch, den 13. Mai 2026,&nbsp;per E-Mail unter &#8222;100JahreSVHailfingen@gmx.de&#8220;&nbsp;an. Vielen Dank f\u00fcr eure &hellip; <\/p>\n<p class=\"link-more\"><a href=\"https:\/\/www.schuetzenverein-hailfingen.de\/?page_id=781\" class=\"more-link\"><span class=\"screen-reader-text\">\u201eKuchenspenden\u201c <\/span>weiterlesen<\/a><\/p>\n","protected":false},"author":5,"featured_media":0,"parent":731,"menu_order":4,"comment_status":"closed","ping_status":"closed","template":"","meta":{"footnotes":""},"class_list":["post-781","page","type-page","status-publish","hentry"],"_links":{"self":[{"href":"https:\/\/www.schuetzenverein-hailfingen.de\/index.php?rest_route=\/wp\/v2\/pages\/781","targetHints":{"allow":["GET"]}}],"collection":[{"href":"https:\/\/www.schuetzenverein-hailfingen.de\/index.php?rest_route=\/wp\/v2\/pages"}],"about":[{"href":"https:\/\/www.schuetzenverein-hailfingen.de\/index.php?rest_route=\/wp\/v2\/types\/page"}],"author":[{"embeddable":true,"href":"https:\/\/www.schuetzenverein-hailfingen.de\/index.php?rest_route=\/wp\/v2\/users\/5"}],"replies":[{"embeddable":true,"href":"https:\/\/www.schuetzenverein-hailfingen.de\/index.php?rest_route=%2Fwp%2Fv2%2Fcomments&post=781"}],"version-history":[{"count":8,"href":"https:\/\/www.schuetzenverein-hailfingen.de\/index.php?rest_route=\/wp\/v2\/pages\/781\/revisions"}],"predecessor-version":[{"id":821,"href":"https:\/\/www.schuetzenverein-hailfingen.de\/index.php?rest_route=\/wp\/v2\/pages\/781\/revisions\/821"}],"up":[{"embeddable":true,"href":"https:\/\/www.schuetzenverein-hailfingen.de\/index.php?rest_route=\/wp\/v2\/pages\/731"}],"wp:attachment":[{"href":"https:\/\/www.schuetzenverein-hailfingen.de\/index.php?rest_route=%2Fwp%2Fv2%2Fmedia&parent=781"}],"curies":[{"name":"wp","href":"https:\/\/api.w.org\/{rel}","templated":true}]}}