{"id":98,"date":"2019-01-19T18:23:08","date_gmt":"2019-01-19T17:23:08","guid":{"rendered":"https:\/\/svh-test.de\/?page_id=98"},"modified":"2019-01-27T18:37:30","modified_gmt":"2019-01-27T17:37:30","slug":"schuetzenhaus","status":"publish","type":"page","link":"https:\/\/www.schuetzenverein-hailfingen.de\/?page_id=98","title":{"rendered":"Sch\u00fctzenhaus"},"content":{"rendered":"\n<p>Das vereinseigene Sch\u00fctzenhaus liegt etwas au\u00dferhalb Hailfingens an der Stra\u00dfe nach Seebronn.<\/p>\n\n\n\n<iframe width=\"425\" height=\"350\" frameborder=\"0\" scrolling=\"no\" marginheight=\"0\" marginwidth=\"0\" src=\"https:\/\/www.openstreetmap.org\/export\/embed.html?bbox=8.85277032852173%2C48.51224057782403%2C8.883454799652101%2C48.52454914264076&amp;layer=mapnik&amp;marker=48.51839523406289%2C8.868112564086914\" style=\"border: 1px solid black\"><\/iframe><br\/><small><a href=\"https:\/\/www.openstreetmap.org\/?mlat=48.5184&amp;mlon=8.8681#map=16\/48.5184\/8.8681\">Gr\u00f6\u00dfere Karte anzeigen<\/a>\n","protected":false},"excerpt":{"rendered":"<p>Das vereinseigene Sch\u00fctzenhaus liegt etwas au\u00dferhalb Hailfingens an der Stra\u00dfe nach Seebronn. Gr\u00f6\u00dfere Karte anzeigen<\/p>\n","protected":false},"author":1,"featured_media":0,"parent":0,"menu_order":0,"comment_status":"closed","ping_status":"closed","template":"","meta":{"footnotes":""},"class_list":["post-98","page","type-page","status-publish","hentry"],"_links":{"self":[{"href":"https:\/\/www.schuetzenverein-hailfingen.de\/index.php?rest_route=\/wp\/v2\/pages\/98","targetHints":{"allow":["GET"]}}],"collection":[{"href":"https:\/\/www.schuetzenverein-hailfingen.de\/index.php?rest_route=\/wp\/v2\/pages"}],"about":[{"href":"https:\/\/www.schuetzenverein-hailfingen.de\/index.php?rest_route=\/wp\/v2\/types\/page"}],"author":[{"embeddable":true,"href":"https:\/\/www.schuetzenverein-hailfingen.de\/index.php?rest_route=\/wp\/v2\/users\/1"}],"replies":[{"embeddable":true,"href":"https:\/\/www.schuetzenverein-hailfingen.de\/index.php?rest_route=%2Fwp%2Fv2%2Fcomments&post=98"}],"version-history":[{"count":3,"href":"https:\/\/www.schuetzenverein-hailfingen.de\/index.php?rest_route=\/wp\/v2\/pages\/98\/revisions"}],"predecessor-version":[{"id":129,"href":"https:\/\/www.schuetzenverein-hailfingen.de\/index.php?rest_route=\/wp\/v2\/pages\/98\/revisions\/129"}],"wp:attachment":[{"href":"https:\/\/www.schuetzenverein-hailfingen.de\/index.php?rest_route=%2Fwp%2Fv2%2Fmedia&parent=98"}],"curies":[{"name":"wp","href":"https:\/\/api.w.org\/{rel}","templated":true}]}}